(9 - 3) + -9 - -3?
0
What is -17 + 6 - (2 + -6) - -8?
1
Calculate 1 + 2 - ((-5 - -1) + 1).
6
What is 0 - (0 - (2 - 4 - -5))?
3
What is the value of 3 + 5 - 7 - -3?
4
Calculate (2 - 0) + (-7 - -1).
-4
Calculate (13 - 12) + (2 - -2) + 2.
7
What is the value of -2 + (-4 - -1 - -8)?
3
What is the value of (0 - 2) + 1 - (-84 + 86)?
-3
What is the value of -2 - -3 - 0 - -4?
5
What is the value of 1 - 8 - (-7 + (-3 - -9))?
-6
Calculate (-4 - (-1 + -8)) + -7.
-2
Calculate -7 + 3 + 2 - -4 - -1.
3
What is -3 - -12 - (5 + -1)?
5
-6 + (3 + 6 - 5)
-2
What is the value of -6 - (1 - (4 + -5))?
-8
What is 14 - 5 - 5 - (1 + 2)?
1
Evaluate (2 + -3 - -1) + 2 + -2.
0
Calculate -2 + -1 + 0 + 6 - 2.
1
(-8 - -14) + -9 + 9
6
What is the value of -4 + 4 - (-2 + 0)?
2
Calculate 0 + (0 - (-3 + -2 + 5)).
0
What is -1 - (-1 + (4 - 1) - 7)?
4
Evaluate -5 + -2 - (7 - 11).
-3
What is -10 + 3 + (17 - (11 + -3))?
2
What is -4 + -15 + (-1 - -14)?
-6
What is the value of -5 - (-8 + 1) - 6?
-4
2 - (2 - (0 + 0))
0
Calculate -42 + 37 + (8 - (1 + -1)).
3
What is the value of -20 - (-8 + -4) - -14?
6
2 - -1 - 5 - (1 - 6)
3
What is -8 - -8 - (1 - 3)?
2
What is 0 + (-10 - -7) + 8?
5
What is 4 + -1 + (-5 - -3)?
1
(2 - -10) + -8 + (-5 - -6)
5
Evaluate (0 - -4) + -7 - (2 - 3).
-2
What is the value of -2 - (1 + 12 + -6 - 7)?
-2
Evaluate -66 + 57 - (-3 + 0).
-6
-2 + (6 - 1) - (3 + 2)
-2
Calculate -2 - (0 - (1 - 9) - 4).
-6
Evaluate 2 + 2 + -3 + -3.
-2
Calculate 0 - (-3 + 2 - -6) - 0.
-5
Calculate -2 - (-4 + -1 + 4).
-1
-2 + (1 + 5 - 1)
3
Calculate -1 - (2 + -7 - -4).
0
-4 + (4 - (7 - 3))
-4
4 - (3 + 6 + (-2 - 0))
-3
Calculate (-10 - -5) + (3 - (-3 + -1)).
2
What is the value of -3 - ((-4 - -1) + -2)?
2
Evaluate -5 + 12 + -5 + 2.
4
Evaluate 1 + (-2 - -1 - (6 + -6)).
0
Calculate 7 - ((-1 - -21) + -8).
-5
(-2 - -2) + (-15 - -10)
-5
What is the value of 0 - ((-8 - -5) + 5 + -8)?
6
What is 5 - 2 - (-7 + 5 - -5)?
0
What is (1 - -19 - (10 - 4)) + -7?
7
-5 - (-14 + 9 - -6)
-6
Calculate 11 + (-6 - -11) + -9 + -1.
6
Calculate 8 - 4 - (-2 - -2).
4
What is the value of 0 + 1 - (4 + 8 - 8)?
-3
What is the value of 0 + 2 + 0 + -36 + 31?
-3
Evaluate (-34 - -42) + -6 + -1.
1
Calculate 12 + -6 - (8 + -1).
-1
(1 - (4 - 3)) + 0 + -2
-2
Calculate 3 - (1 - -4 - 2) - -2.
2
(-3 - 13) + 3 - (-3 - 3)
-7
What is (3 - 0 - 4) + 1 + 1?
1
Calculate -10 - (-15 + 11 + -2 + 1).
-5
-6 - (8 - (4 - -7))
-3
Evaluate 7 + -9 + (-2 - 0) + 6.
2
Evaluate -2 - (-1 - -1 - 1).
-1
Evaluate 1 + -3 + (4 - 1).
1
What is 4 - (-12 + 20 + -9)?
5
9 + -12 + (2 - 2) + 2
-1
Evaluate -4 + (0 - 4) + 9.
1
Evaluate -5 + (0 - -4) + 0.
-1
What is -11 + (18 - (10 - 8))?
5
What is the value of -17 + 10 - (-3 + -2 + 0)?
-2
Calculate -6 - (0 + 2 - 4) - -2.
-2
Evaluate 3 - (-12 + 5) - 1.
9
(-8 - -13) + (-2 - 2)
1
Evaluate -3 - 0 - (4 + -7).
0
Calculate 16 - (10 - 4 - -8).
2
What is the value of 177 + -186 + (1 - -3)?
-5
What is the value of 1 + (1 - -2) + -2 + -2?
0
What is the value of -5 + 1 + (-12 - (-5 + -12))?
1
What is -3 + 1 + 2 - 0?
0
-5 + 0 + -53 + 53
-5
Calculate -1 + (4 - -1) + -1.
3
Evaluate -5 - ((3 - 6) + 0 + -11).
9
What is (0 - -2) + 1 + -6 + -2?
-5
What is 2 + (-4 - 1) + (-7 - -2)?
-8
(-7 - -13 - 5) + -2 + -8
-9
What is -1 + -11 - (-16 + (-5 - -17))?
-8
What is the value of -1 + -5 + 2 - -10?
6
What is 6 + -1 + -9 - -4?
0
Evaluate -3 - (7 + -3 - 12).
5
Calculate (-2 + 3 - 0 - 2) + 6.
5
What is the value of 2 + -8 + -6 + 4 + 3?
-5
What is the value of -9 - -6 - 0 - 3?
-6
What is the value of 2 - (-2 + 5 - (-24 + 26))?
1
Calculate (1 - 0) + 4 - (-17 - -20).
2
Calculate 2 + (1 - 7 - 1) - -2.
-3
What is the value of -110 + 105 + (-1 - -13)?
7
What is the value of (4 + (4 - 3) - 12) + 15?
8
What is the value of 2 + (-3 + 1 - -1) + -1?
0
1 + -1 - (8 + -3)
-5
Evaluate 0 + -1 + -1 + 1.
-1
What is the value of (-1 - 6) + (1 + -10 - -11)?
-5
What is the value of -4 + 5 - (-2 + 1)?
2
Calculate -2 + -3 - (-1 - 0).
-4
What is the value of (0 - 1) + (-3 - -5)?
1
Evaluate -1 + (-12 - (3 - 1)) - -8.
-7
Calculate 0 - (1 - 0) - (22 - 26).
3
2 + (7 - 0) + -6
3
What is 12 - 7 - (7 + -2 - -2)?
-2
Evaluate (1 - 2) + 1 + (1 - 6).
-5
4 + -14 + 1 + 4
-5
1 - 6 - (7 - 8)
-4
What is 1 + -5 + (-4 - (1 + -6))?
-3
Evaluate 1 - -4 - (1 - (-1 + 2)).
5
What is -5 + 3 + -5 + 11?
4
What is (-1 - -7) + (-25 - -24) + -5?
0
What is the value of 1 + (9 - (9 - -5))?
-4
7 + -4 - ((4 - 6) + 5)
0
7 + 2 - (-2 + (-1 - -5))
7
-4 - -9 - 16 - -7
-4
Calculate -6 + (3 - ((6 - 9) + -3)).
3
Calculate 1 + 4 - (4 - (1 + 1)).
3
Evaluate 4 - (6 + -4 - (1 - 1)).
2
What is the value of -3 - 20 - -11 - -2?
-10
What is 10 + -14 + 7 + 3 - 13?
-7
What is the value of 1 + 2 + -6 + -10 + 12?
-1
(-7 - (5 + -4 - 2)) + 5
-1
Calculate (-7 + 1 - -4 - 1) + 5.
2
Evaluate -1 + -3 - (-4 - 0).
0
What is -6 - (-11 - -2) - (5 - 2)?
0
What is 2 + -9 + -19 + 20?
-6
Evaluate 3 + -9 - 0 - (93 + -95).
-4
9 + 2 + -3 - 3
5
Evaluate (11 - 19 - 2) + 6.
-4
Calculate 12 + (-23 + 3 - -11).
3
What is 5 + (-1 - 12 - -3)?
-5
What is -2 + 7 - (1 + -1)?
5
Evaluate (21 - 16) + (-5 - -1).
1
Evaluate -8 - (2 - (-8 + 20)).
2
What is -1 + (-1 - (-5 + 1))?
2
What is 1 - (-5 - (6 - 6))?
6
What is -7 + 13 - (2 - (2 + -2))?
4
Evaluate (-1 - -8) + (-6 - -1).
2
-1 + -2 + -2 + 5
0
Evaluate 3 + 5 + -17 + 5 + -3.
-7
(21 - 31) + 11 + (1 - 1)
1
-4 + (3 - (-2 + -4 + 9))
-4
What is 1 + -2 + 0 + (-3 - 1)?
-5
Calculate -19 - (-5 - (7 + 4 + -8)).
-11
What is 0 + 2 - 3 - 3?
-4
What is the value of 0 + -3 - (3 + 0) - -1?
-5
Evaluate (2 - (4 - 0)) + -3.
-5
(0 + -1 + 4 - 0) + 1
4
Evaluate 6 - (6 + 6 + -14 - -6).
2
Evaluate (-1 - -4) + -4 + 4.
3
Evaluate (-94 - -100) + (-2 - (-3 - 1)).
8
Evaluate (-1 + 2 - 1) + (4 - 5).
-1
(13 - 6) + -3 - -1
5
4 - (11 + 3 + (-13 - -6))
-3
Evaluate 0 - (0 + 5 + -5 + 1).
-1
What is 8 + -17 + 10 - 3?
-2
Evaluate -3 - -9 - (0 + 6).
0
Calculate (-12 - (-4 + 0)) + 4.
-4
What is -2 - ((5 - 10) + (0 - -4))?
-1
(-9 - 14) + 12 - -3
-8
2 + -1 + -3 + (3 - 1)
0
Evaluate 5 + 3 + -6 - 6.
-4
Calculate 3 + (-8 - (1 + 4 - 10)).
0
What is the value of 19 + -21 - (0 + -5)?
3
10 + -10 + -5 + 0
-5
What is the value of -1 + 1 + -2 + (-1 - -2)?
-1
Calculate 1 + (2 - (5 - 0)) + 4.
2
(-9 - -5) + (-1 - -4)
-1
What is -2 - (10 - 6 - 3)?
-3
What is the value of 3 + -4 + -4 + 11?
6
Calculate -10 + 7 + -4 + 7.
0
What is -39 + 34 - (0 - 8)?
3
What is the value of -2 + 6 + -3 + -3?
-2
What is the value of 0 + -7 - (-7 - (-2 - 4))?
-6
What is the value of 22 + -26 + (1 + -3 - -2)?
-4
What is (24 - 13 - 11) + -3?
-3
What is the value of 8 - (-4 + 8 + 4)?
0
Evaluate (2 + (1 - 4) - -4) + -1.
2
(2 - (-3 + 2 - -5)) + 3
1
What is the value of 0 + 4 + (8 + -5 - 2)?
5
What is the value of -1 - -7 - (-3 + 3 + -1)?
7
What is the value of (3 - 1 - 3) + 4?
3
What is (-4 + 4 - -4) + -3?
1
What is -3 + 4 + -4 + 0?
-3
1 + 11 - (23 - 43 - -21)
11
What is the value of 8 + (-3 - 1) - (-8 + 6)?
6
Calculate 122 + -119 + -1 + 1.
3
-8 + (10 - 10) + 0
-8
What is the value of (-2 + -2 - -2 - 0) + -2?
-4
Calculate -26 - -29 - (6 + 1).
-4
Calculate 2 + (3 - 9 - (-7 - -2)).
1
4 - (3 - (-5 - -7))
3
What is -1 + (-19 - -5) + 14?
-1
14 + -10 + -1 + -1
2
What is 2 - (5 + -3 + -2) - 7?
-5
What is the value of -1 - (2 - (-1 - -6))?
2
What is -11 + 4 + 15 + -2?
6
Evaluate (-2 + -7 - (4 - 6)) + 12.
5
3 - (-2 - -5) - -2
2
What is the value of -3 - (-2 + 0 - 2)?
1
What is (-5 - (0 + -8)) + -6?
-3
What is 1 - (-8 + (4 - -8) + 4)?
-7
What is 2 - (-5 - -8) - -4 - 2?
1
What is the value of (13 - 3) + -11 + -3?
-4
What is the value of 16 + -4 + 9 + -12?
9
(-3 - (3 - 3)) + 4
1
-17 + 11 + 5 + 5 + 1
5
Calculate (-24 - -18) + (8 - (5 - 3)).
0
Evaluate -3 - (-3 - -7) - -1.
-6
Evaluate -3 + 0 - (-2 + (1 - -2)).
-4
What is the value of -14 + 10 - ((-15 - -7) + 7)?
-3
What is the value of -11 - (-5 - (6 - (7 + -1)))?
-6
Evaluate (7 - 5) + 0 + -3.
-1
Evaluate -7 + (0 - (6 - (4 + 6))).
-3
Calculate -8 + 10 + 2 + -4 + -2.
-2
What is 0 + (9 - (-3 + 9))?
3
What is (2 - 1) + (-9 - -4)?
-4
4 - (0 - 2 - (1 + -3))
4
What is 6 + -1 + -4 + 0 + 6?
7
-10 - 0 - (-48 - -43) - 2
-7
Calculate 2 - -2 - (7 + -4).
1
Evaluate (-6 - (3 - 2)) + (1 - -1).
-5
What is the value of 5 + -9 + -9 + 17?
4
What is the value of 1 + 3 - ((-11 - 2) + 14)?
3
What is (-4 - (-4 - 1)) + 5 + -13?
-7
What is -5 + (4 - -3) + 3?
5
Evaluate 2 +